) be the first derivative of -r**3/3 + 6*r**2 + 30*r + 33. Let c be b(14). Suppose -f - c*f + 60 = 0. Calculate the greatest common factor of f and 60.
20
Let z(o) = o**3 - 8*o**2 - 58*o + 458. Let u be z(10). What is the greatest common divisor of 21 and u?
3
Let g be (224/35 + -6)*(8 - 3). Let l be (-1 - (-2 + -3)) + 2. Suppose 8*t - 5*t = l. What is the highest common divisor of g and t?
2
Let j = -970 - -3115. Calculate the greatest common factor of j and 220.
55
Suppose 3*p - 1 = 5*u - 3, 2*u - 2 = 0. Let i be p*-4 + 5 + -23. Let a = 122 + i. What is the highest common divisor of a and 20?
20
Let a(h) = 84*h**2 + 277*h. Let k be a(-4). What is the highest common factor of k and 28?
4
Suppose -2*u - 5*j + 2*j = -90, 0 = -u + j + 40. Suppose -212 = -2*b - 2*t, 45*b + 8*t = 47*b - 202. What is the highest common divisor of b and u?
21
Suppose 6*q - 3*k + 321 = 3*q, 4*k + 286 = -3*q. Let a = -62 - q. Calculate the highest common divisor of a and 24.
8
Let h be (24*10/80)/(2 + 26132/(-13072)). Calculate the greatest common divisor of h and 532.
76
Let m(j) = -59*j + 378. Let s be m(6). Calculate the highest common factor of 792 and s.
24
Let u(a) = -a**3 - 18*a**2 - 17*a - 7. Let o be u(-17). Let g(l) = -l**3 - 10*l**2 - 26*l - 14. Let i be g(o). What is the highest common factor of i and 56?
7
Suppose -11*m - 9896 + 10974 = 0. Calculate the highest common factor of 12446 and m.
98
Let j be 5/((-70)/(-6)) - 250/(-70). Suppose 0 = -5*h + 20, 0 = j*c - 4*h - 0*h - 656. What is the highest common divisor of 24 and c?
24
Suppose 1978 = 3*t - 3*w + 316, -2*t - 4*w + 1078 = 0. Calculate the highest common factor of 45 and t.
9
Let r = -10858 - -10978. What is the highest common factor of 288 and r?
24
Let a(c) = c + 25. Let i(s) = -s + 12. Let l be i(-4). Suppose t - 2*t + 4 = -d, 4*t = d + l. Let q be a(d). What is the greatest common divisor of q and 175?
25
Suppose -6*g + 1497 + 663 = 0. Suppose -86*l = -98*l + g. Let w = 44 + -4. Calculate the highest common factor of l and w.
10
Let c(v) = 11*v + 35. Let n be c(23). Let k be ((-8)/12)/((-12)/n). Calculate the highest common divisor of 48 and k.
16
Let a = 95 - 99. Let g be (-168)/(-35)*a/(-1)*5. Calculate the highest common factor of g and 6.
6
Suppose 3 = -m + 3*u, -2*m + 197*u = 193*u - 10. Calculate the highest common divisor of m and 896.
7
Suppose 8*r + 9*r = 952. Suppose -8*u + 3*u - 265 = 0. Let s = r + u. Calculate the highest common factor of s and 12.
3
Let o be (6*(-1)/(-8))/(3/8). Suppose 0 = -5*d - 4*w + 265, o*d + 28*w - 113 = 25*w. What is the highest common factor of d and 77?
7
Let h(k) = -k**3 + 54*k**2 + 56*k - 51. Let c be h(55). Suppose -17*j - 4*w + 2658 = -14*j, 2634 = 3*j - c*w. What is the highest common divisor of 14 and j?
14
Suppose -8*s + 467 = 283. Let z(k) = -k**3 - k**2 - 2. Let r be z(-4). What is the highest common factor of s and r?
23
Let w = -8886 - -9084. What is the greatest common factor of w and 3?
3
Suppose -758 = 3*b - 6*b - 4*f, 3*b - 794 = 5*f. What is the highest common factor of 86 and b?
86
Let d be -2*3/8*-16. Suppose -7*i = 10*i - 714. Suppose 6 = g - b, b = 24*g - 19*g - i. What is the highest common divisor of d and g?
3
Let a = -61 - -92. Let w be ((-1116)/30)/((-1)/20). Suppose -w = 2*c - 14*c. Calculate the greatest common factor of a and c.
31
Let w = 4100 - 3305. Calculate the highest common divisor of 30 and w.
15
Let m(f) = f**3 + 20*f**2 - 31*f + 25. Let n be m(-11). Calculate the greatest common divisor of 30 and n.
15
Let r be 5 + (442 - -66*2/(-12)). What is the greatest common divisor of r and 4?
4
Let i = 115 + -109. Let c(m) = -m**3 + 4*m**2 + 13*m + 9. Let h be c(i). What is the greatest common factor of h and 30?
15
Let s = -6109 + 6147. Calculate the greatest common factor of s and 6897.
19
Suppose 0 = -4*u - 4 + 88. Let n be (1*-2 + 5)/(22/506). Suppose 3*g + 15 = v, -5*v + 176 = g + n. Calculate the greatest common divisor of v and u.
21
Let o be 5/10*(3 - 15). Let n(a) = -a**2 - 21*a - 42. Let j be n(o). What is the highest common divisor of j and 132?
12
Let g(c) = c**3 + 9*c**2 + 8*c + 56. Let m be g(-6). Calculate the greatest common factor of 3538 and m.
58
Suppose -348*n + 379*n - 31 = 0. Let l(o) = -o**2 + 11*o - 3. Let j be l(10). What is the greatest common divisor of n and j?
1
Let g(u) = 2*u**3 + 78*u**2 + 149*u + 63. Let a be g(-37). Let m be (-4)/12 + (-1873)/(-3). Calculate the highest common divisor of m and a.
26
Let j be (-21508)/(-14) - (-30)/(-63)*(-117)/(-195). What is the highest common factor of 3 and j?
3
Let v(r) = 5*r - 51. Let o be v(11). Let u = 39 - 35. Suppose 3*x = -u*b + 8 + 24, 5*x = 0. Calculate the highest common factor of b and o.
4
Let j be ((-6)/(-3) + 122)/(-41 - -43). What is the highest common factor of j and 3658?
62
Let s(m) be the third derivative of m**6/120 - 23*m**5/60 - 35*m**4/24 + m**3/6 + 113*m**2 + m. Let p be s(25). What is the highest common divisor of p and 8?
8
Let t(p) = 3556*p - 14107. Let n be t(4). Suppose 2*y - 260 = -2*y. What is the highest common factor of n and y?
13
Suppose -5*f = -5*y - 220, 0 = 3*f + f + 2*y - 164. Let s(t) = t**3 - 11*t**2 + 2*t - 8. Let j be s(11). What is the greatest common divisor of f and j?
14
Let k be (11 + (-576)/45)/((-9)/75). Suppose -83 = -4*j + 17. Calculate the highest common factor of j and k.
5
Suppose 3*a = 2*j + 19, -3*j - 4 = -a - 0. Suppose 26 = a*x + 12. Let s(r) = r**2. Let z be s(4). Calculate the greatest common divisor of z and x.
2
Let d = 5499 - 5491. What is the highest common divisor of d and 404?
4
Let a = -56 - -84. Suppose -a*u + 8911 = -8169. Calculate the highest common factor of 61 and u.
61
Let k be ((-252)/2)/(2/(-4)). Suppose 3*l - 4*v = 136, -16*v + 20*v = -4*l + 116. What is the highest common divisor of l and k?
36
Let q be (-8)/40 - (-14)/(-5). Let s be -24 + q*(32/(-6) + 4). Let f = 55 - s. What is the highest common divisor of f and 15?
15
Suppose -2*q - 2*g + 3*g + 347 = 0, -3*q + 548 = 4*g. Let i be (q/(-40))/(2/(-10))*6. Calculate the highest common factor of i and 12.
12
Let v be -4*(-9)/(-108) + (-250)/(-3). What is the highest common divisor of 3403 and v?
83
Suppose -8*n - 5*j + 2615 = 0, -j + 212 + 773 = 3*n. Calculate the highest common factor of 2508 and n.
66
Let v(i) = i + 1. Let h(w) = 12*w + 96. Let k(z) = -h(z) + 2*v(z). Let u be k(-25). Calculate the greatest common factor of u and 52.
52
Suppose k - 2*w = 2073, -100*w + 105*w + 6215 = 3*k. Calculate the greatest common factor of 315 and k.
35
Suppose -12*r - r = -351. Suppose 2 = -v, -3*i = 2*i - v - r. Suppose -9*x = -i*x - 304. What is the highest common factor of x and 19?
19
Suppose -44 = -4*k + 4*l, 5*k + l - 57 = -8. Let i = 44 - k. Calculate the highest common factor of 272 and i.
34
Let d be 4293/45 + (2 - 36/15). Let x be 12*38*(-5)/(-30). What is the highest common factor of d and x?
19
Let v = 70 - 81. Let t = 17 + v. Let x = -39 + 42. What is the highest common divisor of t and x?
3
Suppose 3*h = -12, -5*h = -5*u + 42 + 118. What is the highest common factor of u and 13?
1
Suppose -20*l + 89*l - 18073 + 616 = 0. Calculate the highest common factor of 451 and l.
11
Suppose -3*w + 88 = -80. Suppose 16*q = 606 + 1634. What is the greatest common factor of w and q?
28
Suppose k - 133*n - 284 = -137*n, -4*k + 1206 = 2*n. Calculate the greatest common divisor of 684 and k.
76
Let z = -11761 - -13073. Calculate the highest common divisor of z and 96.
32
Let i be (-8)/(120/81)*(-4 + -1). Suppose -b = -13*b + 216. Calculate the greatest common divisor of i and b.
9
Suppose -z + 2*c = -44, -31*z - 3*c + 59 = -30*z. Calculate the highest common factor of 42 and z.
2
Suppose 5288 = 215*x - 26377 - 19935. What is the greatest common factor of x and 5360?
80
Let s be (-6)/(15/(30/(-4))). Let i be (s/2 - -1)*152/5. Calculate the highest common divisor of i and 8.
4
Suppose a + a = 8*a. Let q(g) = 4*g - 14*g**2 + a*g**3 - 26 - 4*g**3 + 6 + 5*g**3. Let i be q(14). Calculate the highest common divisor of i and 396.
36
Let c(p) = 14*p - 261. Let k be c(21). Calculate the highest common divisor of 605 and k.
11
Let s(x) = 235*x**2 - 11*x - 1. Let m be s(-2). Let k(i) = 7*i + 171. Let y be k(-20). What is the greatest common divisor of 